11.
-8341
Convert -9a96 (base 12) to base 3.
-212110120
Convert 3228 (base 9) to base 14.
c19
What is -4445 (base 10) in base 8?
-10535
What is -3536 (base 11) in base 6?
-33245
Convert -10110 (base 4) to base 5.
-2101
What is -2112210 (base 3) in base 13?
-acb
Convert -18a4 (base 11) to base 7.
-10015
What is -2c1 (base 13) in base 9?
-610
1a1d (base 14) to base 9
6436
-2447 (base 15) to base 16
-1e25
What is 11202023 (base 4) in base 10?
22667
7b (base 12) to base 10
95
Convert 53c (base 14) to base 10.
1034
-5a9 (base 13) to base 10
-984
Convert -35247 (base 11) to base 8.
-143267
Convert 1240 (base 14) to base 7.
12210
-2d2 (base 14) to base 13
-354
-356 (base 11) to base 5
-3144
Convert -2007 (base 15) to base 12.
-3ab1
What is -121303 (base 7) in base 12?
-1095a
Convert -4c25 (base 14) to base 16.
-3431
Convert -279 (base 11) to base 9.
-404
Convert 1221011 (base 3) to base 12.
994
What is -112222022 (base 3) in base 10?
-10916
What is a72 (base 16) in base 7?
10540
Convert 66 (base 14) to base 5.
330
What is -2487 (base 10) in base 11?
-1961
What is -100110001 (base 2) in base 13?
-1a6
What is -2da (base 14) in base 7?
-1463
What is f5be (base 16) in base 5?
4003120
Convert -9a3a (base 14) to base 6.
-323352
2115 (base 10) to base 5
31430
What is -4a3 (base 12) in base 10?
-699
140122 (base 5) to base 8
13036
Convert 5565 (base 9) to base 14.
16d7
Convert -212200221 (base 3) to base 4.
-10031332
734 (base 16) to base 5
24334
Convert 222210022 (base 3) to base 4.
10301021
What is -2601 (base 14) in base 6?
-50505
What is 101321 (base 6) in base 12?
4841
-2672 (base 8) to base 11
-1113
What is -38824 (base 10) in base 15?
-b784
-1004 (base 11) to base 14
-6b5
Convert 10303 (base 11) to base 2.
11101010011111
Convert -888 (base 12) to base 14.
-65a
What is -4d5 (base 14) in base 11?
-803
-2c23 (base 13) to base 8
-14463
8775 (base 9) to base 13
2c36
What is 94a (base 16) in base 9?
3232
What is -2121 (base 5) in base 16?
-11e
-a4 (base 14) to base 3
-12100
-672a (base 14) to base 16
-45d2
1454 (base 6) to base 3
112121
What is 10508 (base 11) in base 5?
442004
What is 679 (base 13) in base 15?
4e4
Convert 1011 (base 7) to base 16.
15f
Convert 1000011111 (base 2) to base 16.
21f
Convert -5394 (base 14) to base 5.
-430223
What is 343400 (base 5) in base 16?
303e
Convert -1011001000001 (base 2) to base 15.
-1a4c
What is 7486 (base 9) in base 5?
134010
Convert 100000000001111 (base 2) to base 3.
211111101
What is -705 (base 13) in base 7?
-3315
-53 (base 16) to base 8
-123
-576 (base 8) to base 12
-27a
Convert -11011222 (base 3) to base 5.
-44200
169 (base 12) to base 8
341
Convert 5604 (base 7) to base 14.
a3b
Convert -1130 (base 10) to base 12.
-7a2
1110 (base 11) to base 14
767
What is 295 (base 16) in base 15?
2e1
What is 1341 (base 8) in base 10?
737
What is 1604 (base 7) in base 13?
3a4
13427 (base 8) to base 9
8087
What is 5054 (base 6) in base 16?
45a
What is -10100011 (base 2) in base 9?
-201
-8e3 (base 16) to base 3
-10010021
Convert 1113212 (base 4) to base 5.
134411
Convert 7da (base 15) to base 2.
11011110100
526 (base 8) to base 5
2332
What is -1001011111 (base 2) in base 12?
-427
1225 (base 9) to base 12
642
What is -20002222 (base 3) in base 13?
-2048
What is -120000 (base 3) in base 15?
-1c0
What is 43c (base 14) in base 4?
31012
What is 286 (base 10) in base 11?
240
Convert 3708 (base 10) to base 16.
e7c
Convert 214044 (base 6) to base 7.
102502
9c2 (base 14) to base 9
2578
Convert 66635 (base 8) to base 7.
144545
44231 (base 7) to base 8
25530
-2421 (base 10) to base 16
-975
28500 (base 9) to base 7
110304
482 (base 9) to base 8
616
Convert -15526 (base 7) to base 10.
-4381
1f5 (base 16) to base 6
2153
1d5 (base 14) to base 3
112012
What is 273a (base 11) in base 3?
11212120
8997 (base 11) to base 9
17218
What is 60051 (base 7) in base 14?
5398
-14097 (base 13) to base 7
-214152
What is -101101100 (base 2) in base 16?
-16c
Convert 13381 (base 10) to base 2.
11010001000101
What is -215c (base 13) in base 5?
-122030
What is 88a5 (base 11) in base 16?
2dd3
Convert -2471 (base 10) to base 16.
-9a7
-b0c (base 14) to base 8
-4170
Convert -2325 (base 8) to base 2.
-10011010101
Convert -1523 (base 7) to base 11.
-500
What is -6b7 (base 13) in base 16?
-48c
Convert 3a731 (base 11) to base 15.
12344
126236 (base 8) to base 14
12166
-45237 (base 8) to base 6
-224235
Convert 13231 (base 5) to base 12.
74a
What is 7024 (base 9) in base 7?
20641
Convert -97c (base 16) to base 11.
-1908
What is -31234 (base 5) in base 16?
-815
Convert 5d4d (base 16) to base 4.
11311031
Convert -2066 (base 15) to base 9.
-10346
What is -10000010010011 (base 2) in base 14?
-3079
Convert 6718 (base 10) to base 8.
15076
Convert -4a92 (base 14) to base 15.
-3d0e
a092 (base 14) to base 15
827d
Convert -52b (base 12) to base 10.
-755
Convert -11be (base 15) to base 8.
-7303
What is -900 (base 16) in base 9?
-3140
What is 5195 (base 10) in base 12?
300b
1001103 (base 4) to base 6
31203
-64415 (base 7) to base 9
-23832
16294 (base 14) to base 12
2808a
Convert -13000 (base 4) to base 11.
-378
-1c5 (base 13) to base 2
-101001010
-65010 (base 7) to base 15
-4ba3
52c7 (base 16) to base 8
51307
1813 (base 16) to base 3
22110021
Convert -2202020 (base 3) to base 8.
-3724
What is -13333 (base 4) in base 7?
-1330
What is -586 (base 11) in base 9?
-856
What is 111122110 (base 3) in base 6?
114020
-20778 (base 13) to base 14
-173da
Convert 1166 (base 16) to base 15.
14be
143423 (base 8) to base 9
76815
Convert 7920 (base 11) to base 13.
4992
-101111001111001 (base 2) to base 9
-36152
Convert -25b8 (base 12) to base 14.
-1804
Convert 3110 (base 9) to base 6.
14313
Convert -10110 (base 5) to base 16.
-28f
What is 22a (base 13) in base 4?
11312
22112012 (base 3) to base 4
1201013
Convert -7d8 (base 14) to base 7.
-4361
Convert -68260 (base 10) to base 8.
-205244
-8639 (base 10) to base 3
-102211222
What is 17162 (base 8) in base 15?
2499
-17eb (base 16) to base 11
-4667
Convert -16a (base 16) to base 9.
-442
What is -1271 (base 11) in base 14?
-85d
What is -5335 (base 6) in base 14?
-627
What is -440 (base 13) in base 7?
-2060
What is 7521 (base 8) in base 13?
1a28
What is -294b (base 12) in base 9?
-6535
Convert 13210202 (base 4) to base 11.
21331
Convert 4491 (base 10) to base 11.
3413
-7bb (base 12) to base 9
-1518
-267 (base 15) to base 7
-1411
What is -31332 (base 4) in base 14?
-47c
What is -27603 (base 9) in base 2?
-100100100011010
What is 9395 (base 10) in base 7?
36251
What is -3310232 (base 4) in base 8?
-36456
Convert -2556 (base 8) to base 12.
-97a
What is 100000000010100 (base 2) in base 4?
10000110
-18 (base 10) to base 13
-15
a77 (base 14) to base 6
13321
23320 (base 4) to base 6
3304
Convert -87 (base 16) to base 4.
-2013
Convert 20254 (base 8) to base 16.
20ac
What is 132310 (base 4) in base 14?
a0c
-220 (base 3) to base 4
-120
What is 45531 (base 7) in base 2?
10110101000010
Convert -10110102 (base 3) to base 8.
-4732
-14770 (base 8) to base 15
-1e83
What is -2412 (base 8) in base 14?
-682
What is 100010001101 (base 2) in base 12?
1325
What is -1506 (base 10) in base 6?
-10550
Convert 10010121112 (base 3) to base 13.
220ca
What is -261 (base 14) in base 7?
-1251
What is -68c (base 13) in base 15?
-505
What is -11322 (base 4) in base 9?
-460
-571 (base 9) to base 12
-331
Convert -343133 (base 5) to base 3.
-121212022
What is 4000 (base 7) in base 3?
1212211
4568 (base 9) to base 15
1008
What is -25553 (base 6) in base 12?
-22b9
1121011 (base 3) to base 8
2215
404241 (base 5) to base 15
3d16
Convert -1381 (base 9) to base 5.
-13140
What is -37 (base 15) in base 5?
-202
-b2f1 (base 16) to base 7
-250361
Convert 11120112 (base 3) to base 13.
1697
What is 20523 (base 6) in base 9?
3736
-10042 (base 5) to base 11
-539
What is 4302010 (base 5) in base 12?
358aa
What is -331 (base 5) in base 13?
-70
2340 (base 12) to base 15
1276
What is 684 (base 9) in base 14?
2c2
Convert -200320 (base 5) to base 3.
-22200122
Convert 2051 (base 8) to base 15.
4b0
Convert -6c (base 15) to base 13.
-7b
Convert 1021 (base 5) to base 12.
b4
-6328 (base 9) to base 3
-20100222
-23dc (base 15) to base 12
-4500
-17511 (base 9) to base 7
-50134
2000 (base 10) to base 4
133100
Convert 3